the remainder when 181052 is divided by 30143?
194
What is the remainder when 22573344 is divided by 26?
14
What is the remainder when 1940526 is divided by 16?
14
What is the remainder when 13628424 is divided by 4?
0
Calculate the remainder when 123434101 is divided by 13714900.
1
Calculate the remainder when 3007 is divided by 1755.
1252
Calculate the remainder when 25303 is divided by 613.
170
What is the remainder when 582012 is divided by 2035?
2
Calculate the remainder when 5350870 is divided by 181.
148
Calculate the remainder when 2413490 is divided by 354.
272
Calculate the remainder when 1561753 is divided by 70988.
17
Calculate the remainder when 154251314 is divided by 4395.
4394
Calculate the remainder when 210572 is divided by 2609.
1852
Calculate the remainder when 85877 is divided by 151.
109
Calculate the remainder when 430148 is divided by 4287.
1448
What is the remainder when 584997 is divided by 194302?
2091
Calculate the remainder when 3942263 is divided by 156.
143
What is the remainder when 70679 is divided by 70382?
297
What is the remainder when 5594388 is divided by 17320?
28
What is the remainder when 734773 is divided by 61227?
49
Calculate the remainder when 353773 is divided by 399.
259
What is the remainder when 31042037 is divided by 995?
27
What is the remainder when 9367 is divided by 1866?
37
Calculate the remainder when 66803758 is divided by 1116.
1114
Calculate the remainder when 153557520 is divided by 51185833.
21
What is the remainder when 18357236 is divided by 8166?
68
What is the remainder when 189802 is divided by 1513?
677
What is the remainder when 883573 is divided by 21?
19
What is the remainder when 71306 is divided by 71254?
52
Calculate the remainder when 655359 is divided by 338.
315
What is the remainder when 3711187 is divided by 49?
25
What is the remainder when 4788670 is divided by 1117?
91
What is the remainder when 76467099 is divided by 11?
5
What is the remainder when 133339 is divided by 16280?
3099
What is the remainder when 219461027 is divided by 1288?
1283
Calculate the remainder when 26544066 is divided by 70.
66
Calculate the remainder when 101940 is divided by 5937.
1011
Calculate the remainder when 15747601 is divided by 528.
1
Calculate the remainder when 2565265 is divided by 38.
37
Calculate the remainder when 199455 is divided by 32113.
6777
What is the remainder when 767862 is divided by 1471?
0
What is the remainder when 131945 is divided by 2471?
982
What is the remainder when 12127335 is divided by 155?
135
What is the remainder when 177236 is divided by 17244?
4796
What is the remainder when 14463 is divided by 1187?
219
Calculate the remainder when 438995 is divided by 1062.
389
Calculate the remainder when 167698931 is divided by 1177.
1148
Calculate the remainder when 1029955 is divided by 103.
58
What is the remainder when 158827135 is divided by 1005235?
5
What is the remainder when 543435 is divided by 77533?
704
What is the remainder when 879676 is divided by 80?
76
What is the remainder when 960934 is divided by 96056?
374
What is the remainder when 2633823 is divided by 53748?
171
Calculate the remainder when 47008940 is divided by 333.
329
What is the remainder when 40132 is divided by 9655?
1512
Calculate the remainder when 716753 is divided by 43.
29
Calculate the remainder when 383134 is divided by 95471.
1250
Calculate the remainder when 7705990 is divided by 7031.
14
What is the remainder when 252482 is divided by 252467?
15
Calculate the remainder when 393542 is divided by 78511.
987
Calculate the remainder when 6399741 is divided by 12.
9
What is the remainder when 56116 is divided by 27759?
598
What is the remainder when 8630 is divided by 1338?
602
Calculate the remainder when 237312411 is divided by 131.
16
Calculate the remainder when 22886 is divided by 4355.
1111
What is the remainder when 991482 is divided by 247548?
1290
Calculate the remainder when 31419 is divided by 888.
339
What is the remainder when 5391242 is divided by 2481?
29
What is the remainder when 32398 is divided by 4585?
303
Calculate the remainder when 58555041 is divided by 4323.
6
Calculate the remainder when 1052226 is divided by 3208.
2
Calculate the remainder when 808054333 is divided by 605.
603
Calculate the remainder when 5357790 is divided by 595303.
63
What is the remainder when 34553034 is divided by 37?
29
Calculate the remainder when 1049502 is divided by 1767.
1671
Calculate the remainder when 5942374 is divided by 637.
438
What is the remainder when 5208479 is divided by 3229?
102
What is the remainder when 3311630 is divided by 827896?
46
What is the remainder when 34566 is divided by 1328?
38
What is the remainder when 132831 is divided by 7925?
6031
What is the remainder when 66329 is divided by 33069?
191
Calculate the remainder when 7160441 is divided by 123.
119
Calculate the remainder when 29935800 is divided by 2798.
2796
What is the remainder when 86600 is divided by 21003?
2588
What is the remainder when 1000407 is divided by 32241?
936
What is the remainder when 350741442 is divided by 4?
2
Calculate the remainder when 76416070 is divided by 3638860.
10
Calculate the remainder when 5894435 is divided by 2635.
2575
Calculate the remainder when 16820115 is divided by 426.
357
What is the remainder when 13342 is divided by 1510?
1262
What is the remainder when 35616 is divided by 34368?
1248
What is the remainder when 136370 is divided by 1150?
670
Calculate the remainder when 53758295 is divided by 214.
211
Calculate the remainder when 166211 is divided by 166016.
195
What is the remainder when 14005668 is divided by 1981?
1979
What is the remainder when 2019991 is divided by 2254?
407
What is the remainder when 10057364 is divided by 3352444?
32
What is the remainder when 2201567 is divided by 366918?
59
Calculate the remainder when 52157793 is divided by 2052.
57
What is the remainder when 9340201 is divided by 790?
31
What is the remainder when 5436015 is divided by 35?
25
What is the remainder when 166062 is divided by 11687?
2444
Calculate the remainder when 87082 is divided by 1776.
58
Calculate the remainder when 5117692 is divided by 73.
27
What is the remainder when 3052 is divided by 863?
463
What is the remainder when 54744108 is divided by 57?
54
What is the remainder when 1130345 is divided by 113?
6
Calculate the remainder when 2372531 is divided by 2372473.
58
What is the remainder when 6319954 is divided by 55?
14
Calculate the remainder when 1896467 is divided by 84.
83
Calculate the remainder when 83576 is divided by 1756.
1044
Calculate the remainder when 2138518 is divided by 794.
276
Calculate the remainder when 18822126 is divided by 214.
184
Calculate the remainder when 64589144 is divided by 50.
44
Calculate the remainder when 198562 is divided by 70.
42
Calculate the remainder when 35476 is divided by 12315.
10846
Calculate the remainder when 821163 is divided by 136.
131
Calculate the remainder when 81642 is divided by 3201.
1617
Calculate the remainder when 4679656 is divided by 10.
6
What is the remainder when 10505297 is divided by 875440?
17
What is the remainder when 114186 is divided by 604?
30
Calculate the remainder when 19064 is divided by 150.
14
What is the remainder when 112604 is divided by 37348?
560
What is the remainder when 135770 is divided by 184?
162
What is the remainder when 3472711 is divided by 6314?
11
Calculate the remainder when 695166 is divided by 173287.
2018
What is the remainder when 959758 is divided by 959505?
253
What is the remainder when 8953658 is divided by 23?
11
What is the remainder when 27070471 is divided by 2203?
7
Calculate the remainder when 675523 is divided by 1029.
499
Calculate the remainder when 146318 is divided by 48142.
1892
Calculate the remainder when 92124370 is divided by 6068.
6062
What is the remainder when 4543321 is divided by 28?
13
What is the remainder when 10110542 is divided by 222?
218
Calculate the remainder when 520252 is divided by 47295.
7
Calculate the remainder when 3291829 is divided by 5.
4
What is the remainder when 420429 is divided by 304?
301
Calculate the remainder when 8299536 is divided by 41.
29
What is the remainder when 11336545 is d